 53 = 56. What is the remainder when h is divided by 1?
0
Let d = -4 - -3. Suppose 3*k - 2*f = 72, -2*k + 3*f + 27 = -16. What is the remainder when k is divided by ((-9)/5)/(d/5)?
8
Let c(u) = 4*u - 40. Suppose -3*z + 82 = 4*a - 5*z, -48 = -a - 5*z. What is the remainder when a is divided by c(12)?
7
Suppose 0*d + 2*d - 2 = -3*q, 0 = -5*d - 2*q + 5. Suppose -d = 5*a + 9. What is the remainder when 16*-2*1/a is divided by 9?
7
Let l be 0 - 4/((-4)/3). Suppose -99 = -l*x + 150. What is the remainder when x is divided by 21?
20
Suppose 4*k + 128 = -5*s + 8*k, 2*s + 3*k + 65 = 0. What is the remainder when 3/1 - (11 + s) is divided by 7?
6
Suppose -2*n - 15 - 43 = 0. Let i = 84 + n. Suppose 4*q = -7 + i. Calculate the remainder when 35 is divided by q.
11
Let m = 7 + -3. Suppose 4*g = -m*f + 172, -3*g + g + 45 = f. Calculate the remainder when f is divided by 14.
13
Let v be 6*-2*(-24)/(-9). Suppose 0 = 4*o, o = -2*r + 5*o + 60. Calculate the remainder when r is divided by ((-10)/20)/(1/v).
14
Suppose 4*p - 5 - 5 = l, -4 = -2*l. Suppose 2*g - 6 = 0, 0 = 3*a - p*g - g + 15. What is the remainder when 18 - 1 - 1 - a is divided by 6?
5
Suppose -57 = -6*d - 9. What is the remainder when 12 is divided by d?
4
Suppose 3*r + 2*r + 20 = 0. What is the remainder when (-58)/(-4) - r/8 is divided by 9?
6
Suppose 2*b + 40 = 7*b. Let u be (-3)/1 + 35 + -1. Let z = -8 + u. What is the remainder when z is divided by b?
7
Suppose -3*z - 2*z = -15. Suppose -5*n + 0*n + 30 = 5*u, z*n - 18 = 3*u. Let s = 38 - 21. What is the remainder when s is divided by n?
5
Suppose 0 = -3*z + 1 + 5. Suppose u - 3 = -3*b + z, -5 = -2*u - b. Calculate the remainder when u is divided by 1/2 + (-1)/(-2).
0
Suppose 2*g = -2*x + 7*g + 28, 8 = -3*x - 5*g. Suppose x*d + d - 95 = 0. Calculate the remainder when 35 is divided by d.
16
Suppose o - 2*o - 1 = 0. Let b = -17 - -22. What is the remainder when (-358)/(-10) - o/b is divided by 19?
17
Suppose 60*q - 100 = 56*q. Calculate the remainder when 97 is divided by q.
22
Let z = 7 - 8. Let k be (z*2)/(4/(-28)). Let g = 22 - k. Calculate the remainder when 22 is divided by g.
6
Suppose 51 = 5*i - 34. Let q = -12 + 25. Let a = 22 - q. What is the remainder when i is divided by a?
8
Suppose 3*v + 3 = 0, -v + 20 = 4*t - 47. Suppose 2*a - 147 = -a. What is the remainder when (2 - 0) + -2 + a is divided by t?
15
Suppose 6*z = 9*z - 12. What is the remainder when (z - (-2 - -4)) + 1 is divided by 2?
1
Suppose 5*o = -0*o + 250. Suppose -2*n = -3*f + 49, -4*f - 3*n = 2*n - o. Calculate the remainder when f is divided by 8.
7
Suppose 5*i = -h + 7, 0 = 3*i - 2*i - 5*h + 9. Suppose -i + 34 = 3*x. Calculate the remainder when 20 is divided by x.
9
Let n(r) = r**2 + 8. Suppose -3*m - m = -8. Suppose -3*d + 124 = 5*v, 0*v - v - m*d = -29. Calculate the remainder when v is divided by n(0).
7
Let z = 142 + -71. Calculate the remainder when z is divided by 18.
17
Let o be (-133)/(-5) - 2/(-5). Let k = o + -5. Calculate the remainder when 87 is divided by k.
21
Let t = 30 + -20. Suppose -3*z + 2*l + 3*l = -37, 2*l - t = -5*z. Let u(m) = m**2 + 6*m + 7. What is the remainder when u(-6) is divided by z?
3
Suppose 0 = x - r - 21, -2*x - 8 = -3*r - 46. What is the remainder when x is divided by 13?
12
Let x(b) be the second derivative of b**4/4 - b**3/6 - b**2 + 2*b. Let n(s) be the first derivative of x(s). Calculate the remainder when 31 is divided by n(2).
9
Let f(z) = 6*z - 16. What is the remainder when 55 is divided by f(4)?
7
What is the remainder when 48 is divided by 2/(-1)*-2 + 14?
12
Let b be 1/2 + (-15)/(-2). What is the remainder when 53 is divided by (2 + 25)*b/12?
17
Suppose -i + 6 + 8 = 0. What is the remainder when 53 is divided by i?
11
Suppose 1 - 4 = -b. Let k(h) = -1 + 3*h + 5*h + 7*h**2 + b - h**3 + h. What is the remainder when 28 is divided by k(8)?
8
Suppose -3*y = -104 - 85. Calculate the remainder when y is divided by 14.
7
Let t = 87 - 28. Let h = 117 + -48. Suppose h + t = 4*a. What is the remainder when a is divided by 11?
10
Let o be (-3 - -5)/(2 - 0). Let d(b) = -4*b + 2. Calculate the remainder when (o/1)/((-5)/(-95)) is divided by d(-2).
9
Suppose -3*r + 67 = 3*v + 2*r, -57 = -3*v - 3*r. Suppose 2 = w - v. Let b(u) = -u**3 - 8*u**2 - 8*u - 1. What is the remainder when w is divided by b(-7)?
4
Suppose -2 - 6 = -4*i. Suppose -q = -0*q - i. Suppose 2*n + q*n - 12 = 0. Calculate the remainder when 11 is divided by n.
2
Suppose 4*o + 19 - 7 = -4*l, 5*l = -25. Calculate the remainder when (6/15)/(o/10) is divided by 8*(92/(-16) - -6).
0
Let f = -21 - -36. What is the remainder when f is divided by 4?
3
Suppose 2*a = -2*a - x + 38, x - 28 = -3*a. Let l = a - 5. Calculate the remainder when l*-2*(-1)/5 is divided by 1.
0
Let n(i) = i**2 + 7*i + 9. Let d be n(-6). Suppose -d*q - q + 112 = 0. Calculate the remainder when q is divided by 15.
13
Suppose 5*a + 30 = 5*h, -a + 3 = -2*h - 2*a. Suppose -5*l + l + 5*b + 29 = 0, 5*b = -2*l - 23. Calculate the remainder when h is divided by l.
0
Let m = -64 - -76. Calculate the remainder when 45 is divided by m.
9
Let u = 166 + -60. Suppose 5*l - 5*f = 41 + 69, -5*l + f + u = 0. Calculate the remainder when 82 is divided by l.
19
Suppose 5*t = -x + 303, 0*x + 120 = 2*t + x. Suppose -3*g - 3*z = -48, 0 = -g - 4*z + z + 16. Calculate the remainder when t is divided by g.
13
Let y be ((-4)/5)/((-6)/30). Suppose -2*z + 6*z - y*j - 60 = 0, -2*j - 68 = -4*z. What is the remainder when z is divided by 5?
4
Suppose 5*m + 5 = 0, 0 = -3*f + 2*m + 2*m - 17. Let p(r) = -10*r**2 - r - 1. Let u be p(-1). Let c = f - u. What is the remainder when 5 is divided by c?
2
Calculate the remainder when 73 + 5 - -5 - -3 is divided by 8.
6
Suppose -3*j + 224 - 2 = 0. Let z = 133 - j. Suppose 3*k - 2*h - z = -0*k, 5*h - 25 = 0. Calculate the remainder when k is divided by 8.
7
Suppose -5*w - b = -94, 0 = 3*w - w - 5*b - 16. Suppose 2*z = 3*z - 5, 5 = 3*x - 5*z. Calculate the remainder when w is divided by x.
8
Suppose 2*o - 4*x = 38, 0 = x + 4. Suppose -56 = -3*w - u + 5*u, -2*w + 5*u + 35 = 0. What is the remainder when w is divided by o?
9
Let y = 99 + -82. Let i(j) = 5*j + 7. Calculate the remainder when i(5) is divided by y.
15
Let g(s) = 3*s**2 + s - 1. Calculate the remainder when 38 is divided by g(2).
12
Calculate the remainder when 4/(-42) - 6740/(-210) is divided by 11.
10
Let t = -79 - -124. What is the remainder when 131 is divided by t?
41
Let q(v) = -2*v - 12. What is the remainder when 9 is divided by q(-7)?
1
Suppose 2*k + 2*r = 12, -3*r - 2 - 4 = 0. Let f = k - 5. Let d(i) = -i**3 + 24*i**2 - i + 26. Calculate the remainder when f is divided by d(24).
1
Let x = -3 - -3. Suppose x = -2*m + 6*m - 88. Calculate the remainder when 42 is divided by m.
20
Suppose a = -0*a. Suppose -5*y + a = -5. Let d = 6 - 4. Calculate the remainder when d is divided by y.
0
Let a(j) = j**3 - 8*j**2 - 5*j. Let c(d) = d**2 - 11*d + 9. Let r be c(11). What is the remainder when a(r) is divided by 19?
17
Let j = -4 + 13. Let h(g) = 2*g**3 - 2*g**2 - g - 1. Let d be h(3). Suppose t + t - d = 0. What is the remainder when t is divided by j?
7
Let q = 43 - 29. Let t be 6/21 + (-4)/q. Calculate the remainder when 4 is divided by (0 + t)/(-1) + 3.
1
Suppose 2*u - 10 = -5*n, 3*u - 27 = -4*n + 2. Let s = 7 + -12. What is the remainder when s/(-5) - (1 - 59) is divided by u?
14
Let j = 6 + -4. Suppose -y + 1 = j*x - 40, 83 = 5*x - 4*y. What is the remainder when 36 is divided by x?
17
Let w = 43 + 2. Let k = 4 - 0. Suppose -k*z + 96 = 2*z. Calculate the remainder when w is divided by z.
13
Let u = -16 + 24. Calculate the remainder when u is divided by (-2 + 5)*1/1.
2
Suppose -5*u + 3*g = -106, g = 3 - 0. Let w(y) = y**3 + 8*y**2 + 7*y + 1. Let x be w(-7). What is the remainder when u is divided by x*(10 + 1 + 1)?
11
Let t(v) = 11*v**2 + 3*v - 2. Let y be t(2). Suppose -3*w + 16 = 5*o, o + y = 4*w - 4. Suppose -3*b - 2*b = -115. What is the remainder when b is divided by w?
11
Let h(c) = c**2 - c + 1. Let u be h(2). Suppose -u*g - 33 = -6*g. Calculate the remainder when 42 is divided by g.
9
Suppose 4*k + 17 = g - 26, -2*g + 92 = -2*k. Calculate the remainder when 185 is divided by g.
44
Let n = 97 - 72. Calculate the remainder when